10101
In base 16, what is 1d6 + -719b?
-6fc5
In base 12, what is 108aa - -a06?
116b4
In base 7, what is -20143 + -1302?
-21445
In base 11, what is -6 + 49774845?
4977483a
In base 2, what is 10000 + -1000111000011000001101?
-1000111000010111111101
In base 2, what is 10001 + 1100111011101001010?
1100111011101011011
In base 15, what is -3 - 174201?
-174204
In base 8, what is -4 + -10730237?
-10730243
In base 9, what is 242670 - -683?
243463
In base 6, what is -2 + -31135514?
-31135520
In base 14, what is 892 + -3366?
-28b4
In base 15, what is d - -2c49be?
2c49cc
In base 16, what is 130ee8 - 0?
130ee8
In base 11, what is -233135232 + -3?
-233135235
In base 15, what is 3093 - -7a7?
384a
In base 12, what is 19 + 2498aa?
249907
In base 8, what is 1707656 + 1?
1707657
In base 10, what is 1 + 324244971?
324244972
In base 13, what is 33a3060 + -3?
33a305a
In base 9, what is 3 + 44041825?
44041828
In base 7, what is 214043 - 224?
213516
In base 2, what is -10100100111000 + -1011100111?
-10110000011111
In base 11, what is 4 - -9582680?
9582684
In base 7, what is -2 - 115615430?
-115615432
In base 12, what is -10 - -16a82777?
16a82767
In base 16, what is 32 - -a352?
a384
In base 8, what is -5 - 1224341453?
-1224341460
In base 12, what is 922 + 135707?
136429
In base 11, what is -3 + -17720831?
-17720834
In base 7, what is -1 - -34520112?
34520111
In base 8, what is -4444 - -15756?
11312
In base 8, what is 26365273 + -1?
26365272
In base 6, what is -31243 - 13110?
-44353
In base 5, what is -3142 + -10404323?
-10413020
In base 3, what is 11 + 222202010200?
222202010211
In base 2, what is 1100000010100010100011111000 - 1?
1100000010100010100011110111
In base 15, what is -2992 - 2ce3?
-5785
In base 8, what is -16 - -27574375?
27574357
In base 16, what is -5 - -d5e4c?
d5e47
In base 16, what is -14 - 10d666?
-10d67a
In base 6, what is -100500145 - -432?
-100455313
In base 14, what is -2d2 - -3937?
3645
In base 15, what is 90b + -24d?
6ad
In base 15, what is 192e90 + -aa?
192dd5
In base 5, what is 113240031 + -43?
113234433
In base 8, what is 3 - -16004502?
16004505
In base 9, what is -3372003 + -271?
-3372274
In base 12, what is -6aab - 8b0?
-779b
In base 7, what is 5 + 2132040?
2132045
In base 8, what is -270 + -24143?
-24433
In base 8, what is -13312534 + 1?
-13312533
In base 7, what is 23645310 + 5?
23645315
In base 13, what is -6797 - 12585?
-1904c
In base 12, what is -2 + 18b7679?
18b7677
In base 5, what is 3 - 32410430142?
-32410430134
In base 6, what is 504 + 215311?
220215
In base 16, what is -4c7c763 + -7?
-4c7c76a
In base 14, what is 319 - -357c?
3897
In base 11, what is 4a7605a - 35?
4a76025
In base 6, what is -130 + 30043415?
30043245
In base 4, what is 100102 - 10132222?
-10032120
In base 13, what is -4143 - -57a?
-3896
In base 14, what is -438 + -365?
-79d
In base 10, what is -27 + -75096?
-75123
In base 8, what is -5 + 7666270?
7666263
In base 16, what is -621b86 - 1?
-621b87
In base 9, what is -505 + 1804208?
1803603
In base 5, what is 1041 - -400424?
402020
In base 15, what is -26e5 - -4b?
-2699
In base 5, what is 0 + 23010440134?
23010440134
In base 12, what is -8879 + 1871?
-7008
In base 7, what is -3352 - -5535?
2153
In base 7, what is 4001431 - 120?
4001311
In base 9, what is 13201 - 28852?
-15651
In base 5, what is 1 - 11043344224?
-11043344223
In base 14, what is 3 - -262b00a?
262b00d
In base 2, what is 100101101000001010010 - -10111?
100101101000001101001
In base 5, what is -1 + -120420214340?
-120420214341
In base 5, what is -11 + -401233412?
-401233423
In base 7, what is -665301 + -24?
-665325
In base 8, what is 0 + -214253004?
-214253004
In base 8, what is -21123023 + -5?
-21123030
In base 15, what is -4 + 140765c?
1407658
In base 2, what is -1000101101001101110 - 11?
-1000101101001110001
In base 10, what is -10017 + -13652?
-23669
In base 13, what is 28 - -b11a2?
b11ca
In base 15, what is 764dd + 15?
76503
In base 11, what is -a - -1857286?
1857277
In base 2, what is 100110100010010110010101000 - -11?
100110100010010110010101011
In base 10, what is 3936055 - 0?
3936055
In base 15, what is 473 + -3dcc?
-3959
In base 13, what is 199 - -789cb?
78b97
In base 14, what is 4a8d6 - -2c?
4a924
In base 11, what is -1 + -2551657?
-2551658
In base 15, what is -1608 + 13dbe?
127b6
In base 3, what is -11002020 + -12101120002?
-12112122022
In base 5, what is 1223234 - 1202121?
21113
In base 10, what is -35 + 280976?
280941
In base 5, what is 3 - -331022443?
331023001
In base 15, what is -7 - 1415cb3?
-1415cba
In base 5, what is 10 + 2203322130?
2203322140
In base 8, what is -70735376 - -5?
-70735371
In base 9, what is -1 + 2587524?
2587523
In base 13, what is -835444 - c?
-835453
In base 14, what is 1d525 + -47ad?
18b56
In base 5, what is -21110201 - 1?
-21110202
In base 12, what is -204 + -1112b?
-11333
In base 11, what is 75 - 592680?
-592606
In base 14, what is -40d0d6 - 16?
-40d10c
In base 5, what is 1 - -1122400114301?
1122400114302
In base 12, what is 795a + -1bb?
775b
In base 14, what is -40 + -40626?
-40666
In base 14, what is 12 - 3799603?
-37995d1
In base 9, what is -423773 - 83?
-423866
In base 13, what is -3c0 + -1b435?
-1b825
In base 10, what is -54 - 24464?
-24518
In base 2, what is 101 - -100101010100100100111?
100101010100100101100
In base 11, what is 86573 + a9?
86671
In base 15, what is -de3 - 4ac2e?
-4bb22
In base 4, what is 31310 - 333111?
-301201
In base 6, what is -524250 - -1325?
-522521
In base 3, what is -1010 + 12201220002212?
12201220001202
In base 7, what is 525564200 + 2?
525564202
In base 11, what is 4192180 - -4?
4192184
In base 2, what is 101010000110110010 + -1011100101?
101001111011001101
In base 6, what is -3433 - 414255?
-422132
In base 16, what is 12 + -4b8a0?
-4b88e
In base 8, what is -1036 + 4322?
3264
In base 15, what is 7871d - -5b8?
78cd6
In base 12, what is 0 - 949068?
-949068
In base 14, what is -20dd7 + d6?
-20d01
In base 7, what is -24234 - -562?
-23342
In base 15, what is 1e1 - -41a3?
4394
In base 16, what is -2d3cb7 + -3?
-2d3cba
In base 3, what is -11 - -11000021000011?
11000021000000
In base 5, what is -201314 - 10342?
-212211
In base 8, what is -613020674 + -6?
-613020702
In base 7, what is -1023110 + 200?
-1022610
In base 3, what is 111122002 + -11100?
111110202
In base 15, what is 15968561 - 0?
15968561
In base 2, what is 1101001110101101110111 - -1001?
1101001110101110000000
In base 3, what is -111112122 + -201202212?
-1020022111
In base 5, what is 2320 - -21144?
24014
In base 16, what is -4 - -864bade?
864bada
In base 2, what is 1001 - -1110101001001010001?
1110101001001011010
In base 16, what is 41e8 - -85a?
4a42
In base 7, what is 1 + 2041124460?
2041124461
In base 16, what is -1b19c + -b0?
-1b24c
In base 4, what is 233003131 + -1100?
233002031
In base 7, what is 14461 + -3331?
11130
In base 12, what is -263085 - 35?
-2630ba
In base 13, what is 3 + -8276b72?
-8276b6c
In base 14, what is 2821288 + 6?
2821290
In base 3, what is -220 - -10010000011001?
10010000010011
In base 16, what is -137 + 41239?
41102
In base 11, what is -9a863 - a3?
-9a956
In base 8, what is 21 + 2166703?
2166724
In base 10, what is -13139 - 11405?
-24544
In base 8, what is -3 + -20132775?
-20133000
In base 6, what is -124100 - -220233?
52133
In base 9, what is 6 - 276733503?
-276733486
In base 6, what is 4 + -13331343012?
-13331343004
In base 4, what is -231202313 + 13011?
-231123302
In base 2, what is -10111010101 + 1010111000110111001?
1010110101111100100
In base 11, what is 4 - -22a2507a?
22a25083
In base 5, what is 10120 - -311420?
322040
In base 13, what is 15b394 - 151?
15b243
In base 11, what is 60a148 - -2a?
60a177
In base 4, what is 1132302302100 + 0?
1132302302100
In base 9, what is -4 - 50083751?
-50083755
In base 6, what is -2251430 + -41404?
-2333234
In base 2, what is 11 + -11011100111100101110?
-11011100111100101011
In base 15, what is -3a2b0 - -db?
-3a1c4
In base 15, what is -1 - aeb0cc?
-aeb0cd
In base 3, what is 12112200020122 + -10?
12112200020112
In base 8, what is -50 + 246070?
246020
In base 5, what is -14403 - 11101333?
-11121241
In base 8, what is -13120460 + -13?
-13120473
In base 5, what is 23000 + 1231310?
1304310
In base 8, what is -232365 - -121?
-232244
In base 2, what is -100101111001101